{"id":62,"date":"2024-03-06T01:42:48","date_gmt":"2024-03-06T01:42:48","guid":{"rendered":"http:\/\/gatto.net.br\/?page_id=62"},"modified":"2025-02-12T22:41:47","modified_gmt":"2025-02-13T01:41:47","slug":"quem","status":"publish","type":"page","link":"https:\/\/gatto.net.br\/?page_id=62","title":{"rendered":"Sobre mim"},"content":{"rendered":"<p><\/p><div class=\"wp-block-columns is-layout-flex wp-container-core-columns-is-layout-1 wp-block-columns-is-layout-flex\"><div class=\"wp-block-column is-layout-flow wp-block-column-is-layout-flow\" style=\"flex-basis:100%\"><figure class=\"wp-block-image is-resized\"><img decoding=\"async\" src=\"http:\/\/gatto.net.br\/wp-content\/uploads\/2024\/03\/Screenshot_20240305_130118_ReShot-1-1024x817.jpg\" alt=\"\" class=\"wp-image-67\" style=\"width:330px;height:auto\"\/><\/figure><\/div><\/div><p><\/p><p><\/p><p><\/p><p><\/p><p><\/p><p>Sou bacharel em Psicologia pela Anhanguera\/Cogna Educacional. Minha forma\u00e7\u00e3o acad\u00eamica \u00e9 complementada por p\u00f3s-gradua\u00e7\u00f5es em Neuroci\u00eancias, Terapias Cognitivo-Comportamentais e Psiquiatria e Sa\u00fade Mental pela Faculdade de Administra\u00e7\u00e3o, Ci\u00eancias e Educa\u00e7\u00e3o FAMART\/MG. Al\u00e9m disso, possuo capacita\u00e7\u00e3o profissional\/ extens\u00e3o acad\u00eamica em Capacita\u00e7\u00e3o Avan\u00e7ada em An\u00e1lise do Comportamento e Terapia Cognitivo-Comportamental (Intelig\u00eancia Psicol\u00f3gica), Emotional Intelligence (ENAP), Psicobiologia (FFCL-USP), Geriatria e Gerontologia (Anhanguera), Psicologia Organizacional (Anhanguera), Psicologia Aplicada ao Direito (Pit\u00e1goras), Psicologia Forense (Analysis\/FAMART), Psicologia Cl\u00ednica (FAMART). Forma\u00e7\u00e3o complementar em Computa\u00e7\u00e3o pelo centro Universit\u00e1rio Claretiano, Medicina Chinesa e Fitoterapia pela USP, campus de Ribeir\u00e3o Preto.<\/p><p>Sou autor do livro: &#8220;DESCUBRA-SE! SEU GUIA PR\u00c1TICO PARA TRANSFORMAR SUA VIDA ATRAV\u00c9S DO AUTOCONHECIMENTO.&#8221;<\/p>","protected":false},"excerpt":{"rendered":"<p>Sou bacharel em Psicologia pela Anhanguera\/Cogna Educacional. Minha forma\u00e7\u00e3o acad\u00eamica \u00e9 complementada por p\u00f3s-gradua\u00e7\u00f5es em Neuroci\u00eancias, Terapias Cognitivo-Comportamentais e Psiquiatria e Sa\u00fade Mental pela Faculdade de Administra\u00e7\u00e3o, Ci\u00eancias e Educa\u00e7\u00e3o FAMART\/MG. Al\u00e9m disso, possuo capacita\u00e7\u00e3o profissional\/ extens\u00e3o acad\u00eamica em Capacita\u00e7\u00e3o Avan\u00e7ada em An\u00e1lise do Comportamento e Terapia Cognitivo-Comportamental (Intelig\u00eancia Psicol\u00f3gica), Emotional Intelligence (ENAP), Psicobiologia (FFCL-USP), [&hellip;]<\/p>\n","protected":false},"author":1,"featured_media":0,"parent":0,"menu_order":0,"comment_status":"closed","ping_status":"closed","template":"","meta":{"site-container-style":"default","site-container-layout":"default","site-sidebar-layout":"default","site-transparent-header":"default","disable-article-header":"default","disable-site-header":"default","disable-site-footer":"default","disable-content-area-spacing":"default","footnotes":""},"_links":{"self":[{"href":"https:\/\/gatto.net.br\/index.php?rest_route=\/wp\/v2\/pages\/62"}],"collection":[{"href":"https:\/\/gatto.net.br\/index.php?rest_route=\/wp\/v2\/pages"}],"about":[{"href":"https:\/\/gatto.net.br\/index.php?rest_route=\/wp\/v2\/types\/page"}],"author":[{"embeddable":true,"href":"https:\/\/gatto.net.br\/index.php?rest_route=\/wp\/v2\/users\/1"}],"replies":[{"embeddable":true,"href":"https:\/\/gatto.net.br\/index.php?rest_route=%2Fwp%2Fv2%2Fcomments&post=62"}],"version-history":[{"count":17,"href":"https:\/\/gatto.net.br\/index.php?rest_route=\/wp\/v2\/pages\/62\/revisions"}],"predecessor-version":[{"id":248,"href":"https:\/\/gatto.net.br\/index.php?rest_route=\/wp\/v2\/pages\/62\/revisions\/248"}],"wp:attachment":[{"href":"https:\/\/gatto.net.br\/index.php?rest_route=%2Fwp%2Fv2%2Fmedia&parent=62"}],"curies":[{"name":"wp","href":"https:\/\/api.w.org\/{rel}","templated":true}]}}

<p></p><div class="wp-block-columns is-layout-flex wp-container-core-columns-is-layout-1 wp-block-columns-is-layout-flex"><div class="wp-block-column is-layout-flow wp-block-column-is-layout-flow" style="flex-basis:100%"><figure class="wp-block-image is-resized"><img decoding="async" src="http://gatto.net.br/wp-content/uploads/2024/03/Screenshot_20240305_130118_ReShot-1-1024x817.jpg" alt="" class="wp-image-67" style="width:330px;height:auto"/></figure></div></div><p></p><p></p><p></p><p></p><p></p><p>Sou bacharel em Psicologia pela Anhanguera/Cogna Educacional. Minha formação acadêmica é complementada por pós-graduações em Neurociências, Terapias Cognitivo-Comportamentais e Psiquiatria e Saúde Mental pela Faculdade de Administração, Ciências e Educação FAMART/MG. Além disso, possuo capacitação profissional/ extensão acadêmica em Capacitação Avançada em Análise do Comportamento e Terapia Cognitivo-Comportamental (Inteligência Psicológica), Emotional Intelligence (ENAP), Psicobiologia (FFCL-USP), Geriatria e Gerontologia (Anhanguera), Psicologia Organizacional (Anhanguera), Psicologia Aplicada ao Direito (Pitágoras), Psicologia Forense (Analysis/FAMART), Psicologia Clínica (FAMART). Formação complementar em Computação pelo centro Universitário Claretiano, Medicina Chinesa e Fitoterapia pela USP, campus de Ribeirão Preto.</p><p>Sou autor do livro: &#8220;DESCUBRA-SE! SEU GUIA PRÁTICO PARA TRANSFORMAR SUA VIDA ATRAVÉS DO AUTOCONHECIMENTO.&#8221;</p>

<p>Sou bacharel em Psicologia pela Anhanguera/Cogna Educacional. Minha formação acadêmica é complementada por pós-graduações em Neurociências, Terapias Cognitivo-Comportamentais e Psiquiatria e Saúde Mental pela Faculdade de Administração, Ciências e Educação FAMART/MG. Além disso, possuo capacitação profissional/ extensão acadêmica em Capacitação Avançada em Análise do Comportamento e Terapia Cognitivo-Comportamental (Inteligência Psicológica), Emotional Intelligence (ENAP), Psicobiologia (FFCL-USP), [&hellip;]</p>
